{"id":340,"date":"2018-02-08T11:47:08","date_gmt":"2018-02-08T10:47:08","guid":{"rendered":"http:\/\/naturpause.de\/?page_id=340"},"modified":"2021-05-11T13:02:27","modified_gmt":"2021-05-11T11:02:27","slug":"chronische-erschoepfung-chronischen-schmerzen","status":"publish","type":"page","link":"http:\/\/naturpause.de\/?page_id=340","title":{"rendered":"Chronische Ersch\u00f6pfung? Chronische Schmerzen?"},"content":{"rendered":"<p>Leben Sie mit chronischen Schmerzen und Ersch\u00f6pfung, die den ganzen Tagesablauf bestimmen? Da ist jeder Tag aufs Neue eine Herausforderung. Der st\u00e4ndige Kampf gegen diesen Zustand ist oft begleitet von Frustration bis hin zur Verzweiflung<em>.<br \/>\n<\/em>Wie kann es gelingen, den Schmerz und die Ersch\u00f6pfung anzunehmen und somit einen guten Tag mit sich zu verbringen? Wie komme ich Schritt f\u00fcr Schritt in die Akzeptanz und damit in den inneren Frieden?<\/p>\n<p>In meinen Beratungen lasse Sie an meinem Erfahrungsschatz teilhaben, da ich selbst schon viele Jahre mit chronischen Schmerzen und Ersch\u00f6pfung lebe.<\/p>\n<p>Wir schauen, welche Heilpflanzen und deren Heilwirkung Sie auf k\u00f6rperlich und seelisch Weise unterst\u00fctzen k\u00f6nnen.<br \/>\nDar\u00fcber hinaus schauen wir welche Anwendung, wie Traumreisen, Handauflegen, Singen, Kl\u00e4ngen, Malen, \u2026 f\u00fcr Sie geeignet sind.<br \/>\nDer Focus liegt darauf, wie Sie sich im Alltag auf vielf\u00e4ltige Weise Gutes tun k\u00f6nnen und ihren individuellen Heilungsweg gestalten.<\/p>\n<p>G\u00f6nnen Sie sich eine Auszeit vom Alltag.<\/p>\n<p><strong>Gerne biete ich Ihnen 2021 Einzelberatung an.<br \/>\n<\/strong><\/p>\n<p>In folgendem Interview, das von Christel Str\u00f6bel im Rahmen des online Kongresses &#8222;Medizin der Erde&#8220; gef\u00fchrt wurde, spreche ich im ersten Teil \u00fcber mein Leben mit der Chronischen Ersch\u00f6fpfung. <a href=\"https:\/\/www.youtube.com\/watch?v=H0AKil6Ekpk\">https:\/\/www.youtube.com\/watch?v=H0AKil6Ekpk<\/a><\/p>\n<p>Weitere Infos\u00a0 bei:<\/p>\n<p><strong>Traude Fladt<br \/>\n<\/strong>Dipl. Sozialp\u00e4dagogin, Heilpflanzenp\u00e4dagogin<br \/>\ntraude@naturpause.de<\/p>\n<p>Tel: 07194\/953300<\/p>\n","protected":false},"excerpt":{"rendered":"<p>Leben Sie mit chronischen Schmerzen und Ersch\u00f6pfung, die den ganzen Tagesablauf bestimmen? Da ist jeder Tag aufs Neue eine Herausforderung. Der st\u00e4ndige Kampf gegen diesen Zustand ist oft begleitet von Frustration bis hin zur Verzweiflung. Wie kann es gelingen, den Schmerz und die Ersch\u00f6pfung anzunehmen und somit einen guten Tag mit sich zu verbringen? Wie &hellip; <a href=\"http:\/\/naturpause.de\/?page_id=340\" class=\"more-link\"><span class=\"screen-reader-text\">Chronische Ersch\u00f6pfung? Chronische Schmerzen?<\/span> weiterlesen <span class=\"meta-nav\">&rarr;<\/span><\/a><\/p>\n","protected":false},"author":3,"featured_media":345,"parent":0,"menu_order":0,"comment_status":"closed","ping_status":"closed","template":"","meta":[],"_links":{"self":[{"href":"http:\/\/naturpause.de\/index.php?rest_route=\/wp\/v2\/pages\/340"}],"collection":[{"href":"http:\/\/naturpause.de\/index.php?rest_route=\/wp\/v2\/pages"}],"about":[{"href":"http:\/\/naturpause.de\/index.php?rest_route=\/wp\/v2\/types\/page"}],"author":[{"embeddable":true,"href":"http:\/\/naturpause.de\/index.php?rest_route=\/wp\/v2\/users\/3"}],"replies":[{"embeddable":true,"href":"http:\/\/naturpause.de\/index.php?rest_route=%2Fwp%2Fv2%2Fcomments&post=340"}],"version-history":[{"count":10,"href":"http:\/\/naturpause.de\/index.php?rest_route=\/wp\/v2\/pages\/340\/revisions"}],"predecessor-version":[{"id":681,"href":"http:\/\/naturpause.de\/index.php?rest_route=\/wp\/v2\/pages\/340\/revisions\/681"}],"wp:featuredmedia":[{"embeddable":true,"href":"http:\/\/naturpause.de\/index.php?rest_route=\/wp\/v2\/media\/345"}],"wp:attachment":[{"href":"http:\/\/naturpause.de\/index.php?rest_route=%2Fwp%2Fv2%2Fmedia&parent=340"}],"curies":[{"name":"wp","href":"https:\/\/api.w.org\/{rel}","templated":true}]}}