{"id":386,"date":"2019-09-09T11:13:19","date_gmt":"2019-09-09T09:13:19","guid":{"rendered":"http:\/\/naturpause.de\/?page_id=386"},"modified":"2019-09-09T11:13:54","modified_gmt":"2019-09-09T09:13:54","slug":"heilpflanzenbegegnung","status":"publish","type":"page","link":"http:\/\/naturpause.de\/?page_id=386","title":{"rendered":"Heilpflanzenbegegnung"},"content":{"rendered":"<p><strong>Samen im Herbst \u2013 heimisches Superfood<\/strong><\/p>\n<p>Nahrungserg\u00e4nzungsmittel, Superfoods, Chia-Samen\u2026 \u00fcberall in der Werbung begegnen wir ihnen. Doch wer kennt sie in unserer heimischen Natur?<br \/>\nWer wei\u00df, welche Sch\u00e4tze jetzt im Herbst in unseren G\u00e4rten, auf unseren Wiesen und Waldr\u00e4ndern auf uns warten gesammelt, getrocknet und verwertet zu werden?<\/p>\n<p>Wir schauen uns gemeinsam ein paar wichtige Samen an, die eindeutig erkennbar sind, probieren sie, tauschen uns \u00fcber ihre Inhaltsstoffe, Heilwirkung und ihre Anwendung im Alltag aus.<\/p>\n<p>Freitag, 13. September von 15.30 bis 17.30 Uhr<\/p>\n<p>Kosten 20,- \u20ac, evtl. plus Materialkosten<\/p>\n<p>Ort: Heilpflanzen-Atelier in Spiegelberg<\/p>\n<p>Anmeldschluss: Mittwoch, den 10. September<\/p>\n<p>&nbsp;<\/p>\n<p>Weitere Termine im Herbst sind:<\/p>\n<ol start=\"25\">\n<li>Oktober und 20. November<\/li>\n<\/ol>\n","protected":false},"excerpt":{"rendered":"<p>Samen im Herbst \u2013 heimisches Superfood Nahrungserg\u00e4nzungsmittel, Superfoods, Chia-Samen\u2026 \u00fcberall in der Werbung begegnen wir ihnen. Doch wer kennt sie in unserer heimischen Natur? Wer wei\u00df, welche Sch\u00e4tze jetzt im Herbst in unseren G\u00e4rten, auf unseren Wiesen und Waldr\u00e4ndern auf uns warten gesammelt, getrocknet und verwertet zu werden? Wir schauen uns gemeinsam ein paar wichtige &hellip; <a href=\"http:\/\/naturpause.de\/?page_id=386\" class=\"more-link\"><span class=\"screen-reader-text\">Heilpflanzenbegegnung<\/span> weiterlesen <span class=\"meta-nav\">&rarr;<\/span><\/a><\/p>\n","protected":false},"author":3,"featured_media":160,"parent":0,"menu_order":0,"comment_status":"closed","ping_status":"closed","template":"","meta":[],"_links":{"self":[{"href":"http:\/\/naturpause.de\/index.php?rest_route=\/wp\/v2\/pages\/386"}],"collection":[{"href":"http:\/\/naturpause.de\/index.php?rest_route=\/wp\/v2\/pages"}],"about":[{"href":"http:\/\/naturpause.de\/index.php?rest_route=\/wp\/v2\/types\/page"}],"author":[{"embeddable":true,"href":"http:\/\/naturpause.de\/index.php?rest_route=\/wp\/v2\/users\/3"}],"replies":[{"embeddable":true,"href":"http:\/\/naturpause.de\/index.php?rest_route=%2Fwp%2Fv2%2Fcomments&post=386"}],"version-history":[{"count":2,"href":"http:\/\/naturpause.de\/index.php?rest_route=\/wp\/v2\/pages\/386\/revisions"}],"predecessor-version":[{"id":532,"href":"http:\/\/naturpause.de\/index.php?rest_route=\/wp\/v2\/pages\/386\/revisions\/532"}],"wp:featuredmedia":[{"embeddable":true,"href":"http:\/\/naturpause.de\/index.php?rest_route=\/wp\/v2\/media\/160"}],"wp:attachment":[{"href":"http:\/\/naturpause.de\/index.php?rest_route=%2Fwp%2Fv2%2Fmedia&parent=386"}],"curies":[{"name":"wp","href":"https:\/\/api.w.org\/{rel}","templated":true}]}}