{"id":62,"date":"2016-07-05T22:05:03","date_gmt":"2016-07-05T20:05:03","guid":{"rendered":"http:\/\/naturpause.de\/?page_id=62"},"modified":"2020-01-15T17:31:31","modified_gmt":"2020-01-15T16:31:31","slug":"heilpflanzenatelier-spiegelberg","status":"publish","type":"page","link":"http:\/\/naturpause.de\/?page_id=62","title":{"rendered":"Heilpflanzen-Atelier Spiegelberg"},"content":{"rendered":"<p>Das Heilpflanzenatelier ist eine kleine gr\u00fcne Oase in meinem Heilpflanzen- und Kr\u00e4utergarten. Durch die gro\u00dfen lichtdurchfluteten Fenster schaue ich in die Natur um mich herum, binde Kr\u00e4uterb\u00fcschel oder setze Tinkturen und \u00d6le an und besch\u00e4ftige mich mit den Heilpflanzen. In kreativen Stunden male ich meine Natur- und Seelenbilder. Ganz neu &#8211; im Jahr 2016 &#8211; wurde der kleine Holzbau in biologischer Bauweise erstellt und bietet Platz f\u00fcr kleine Gruppen bis 10 Personen. In kleinem Rahmen das alte Wissen weiter zu geben und spirituelles Wachstum zu erm\u00f6glichen ist mein Wunsch und mein Auftrag.<\/p>\n<p><strong>Veranstaltungen und Seminare f\u00fcr Frauen<\/strong><img loading=\"lazy\" class=\"wp-image-594 alignright\" src=\"http:\/\/naturpause.de\/wp-content\/uploads\/2020\/01\/Atelier-innen-1-300x200.jpg\" alt=\"\" width=\"369\" height=\"246\" srcset=\"http:\/\/naturpause.de\/wp-content\/uploads\/2020\/01\/Atelier-innen-1-300x200.jpg 300w, http:\/\/naturpause.de\/wp-content\/uploads\/2020\/01\/Atelier-innen-1-1024x683.jpg 1024w, http:\/\/naturpause.de\/wp-content\/uploads\/2020\/01\/Atelier-innen-1-768x512.jpg 768w, http:\/\/naturpause.de\/wp-content\/uploads\/2020\/01\/Atelier-innen-1-1536x1024.jpg 1536w, http:\/\/naturpause.de\/wp-content\/uploads\/2020\/01\/Atelier-innen-1-2048x1365.jpg 2048w\" sizes=\"(max-width: 369px) 100vw, 369px\" \/><\/p>\n<ul>\n<li><a href=\"http:\/\/naturpause.de\/?page_id=64&amp;preview=true\">Jahreskreisfeste<\/a> &#8211;\u00a0 8 Naturpausen: im Rhythmus der Natur wachsen, werden und vergehen<\/li>\n<li>Altes Wissen neu entdeckt: <a href=\"http:\/\/naturpause.de\/?page_id=66&amp;preview=true\">Heilpflanzenbegegnung<\/a><\/li>\n<li><a href=\"http:\/\/naturpause.de\/?page_id=68&amp;preview=true\">Malen<\/a> mit oder ohne Heilpflanzen<\/li>\n<li><a href=\"http:\/\/naturpause.de\/?page_id=70&amp;preview=true\">Rituale <\/a>f\u00fcr besondere Gelegenheiten<\/li>\n<li><a href=\"http:\/\/naturpause.de\/?page_id=72\">Nat\u00fcrliche Lebensberatung<\/a><\/li>\n<\/ul>\n<p>&nbsp;<\/p>\n<p><strong>Einzelstunden<\/strong><\/p>\n<ul>\n<li>Gesundheitsberatung mit Heilpflanzen<\/li>\n<li>Spirituelle Wegbegleitung<\/li>\n<li>Selbstheilungskr\u00e4fte aktivieren<\/li>\n<li>Heilpflanzen f\u00fcr Tiere<\/li>\n<\/ul>\n<p>&nbsp;<\/p>\n","protected":false},"excerpt":{"rendered":"<p>Das Heilpflanzenatelier ist eine kleine gr\u00fcne Oase in meinem Heilpflanzen- und Kr\u00e4utergarten. Durch die gro\u00dfen lichtdurchfluteten Fenster schaue ich in die Natur um mich herum, binde Kr\u00e4uterb\u00fcschel oder setze Tinkturen und \u00d6le an und besch\u00e4ftige mich mit den Heilpflanzen. In kreativen Stunden male ich meine Natur- und Seelenbilder. Ganz neu &#8211; im Jahr 2016 &#8211; &hellip; <a href=\"http:\/\/naturpause.de\/?page_id=62\" class=\"more-link\"><span class=\"screen-reader-text\">Heilpflanzen-Atelier Spiegelberg<\/span> weiterlesen <span class=\"meta-nav\">&rarr;<\/span><\/a><\/p>\n","protected":false},"author":1,"featured_media":593,"parent":0,"menu_order":0,"comment_status":"closed","ping_status":"closed","template":"","meta":[],"_links":{"self":[{"href":"http:\/\/naturpause.de\/index.php?rest_route=\/wp\/v2\/pages\/62"}],"collection":[{"href":"http:\/\/naturpause.de\/index.php?rest_route=\/wp\/v2\/pages"}],"about":[{"href":"http:\/\/naturpause.de\/index.php?rest_route=\/wp\/v2\/types\/page"}],"author":[{"embeddable":true,"href":"http:\/\/naturpause.de\/index.php?rest_route=\/wp\/v2\/users\/1"}],"replies":[{"embeddable":true,"href":"http:\/\/naturpause.de\/index.php?rest_route=%2Fwp%2Fv2%2Fcomments&post=62"}],"version-history":[{"count":11,"href":"http:\/\/naturpause.de\/index.php?rest_route=\/wp\/v2\/pages\/62\/revisions"}],"predecessor-version":[{"id":134,"href":"http:\/\/naturpause.de\/index.php?rest_route=\/wp\/v2\/pages\/62\/revisions\/134"}],"wp:featuredmedia":[{"embeddable":true,"href":"http:\/\/naturpause.de\/index.php?rest_route=\/wp\/v2\/media\/593"}],"wp:attachment":[{"href":"http:\/\/naturpause.de\/index.php?rest_route=%2Fwp%2Fv2%2Fmedia&parent=62"}],"curies":[{"name":"wp","href":"https:\/\/api.w.org\/{rel}","templated":true}]}}