{"id":72,"date":"2016-07-05T22:05:03","date_gmt":"2016-07-05T20:05:03","guid":{"rendered":"http:\/\/naturpause.de\/?page_id=72"},"modified":"2021-04-19T12:42:50","modified_gmt":"2021-04-19T10:42:50","slug":"meditativer-abend","status":"publish","type":"page","link":"http:\/\/naturpause.de\/?page_id=72","title":{"rendered":"Nat\u00fcrliche Lebensberatung mit Heilpflanzen"},"content":{"rendered":"<p>In einer Pflanze oder an einem Lieblingsplatz k\u00f6nnen wir, wie in einem Spiegel, unsere inneren Bed\u00fcrfnisse, die Sprache unserer Seele erkennen. Gerne begleiten ich Sie auf ihrem Weg um die Botschaften unserer nat\u00fcrlichen Lebensbegleiter erleb- und erfahrbar zu machen.\u00a0 Oftmals sind es Krisensituationen, die uns zum einen die Chance unser Leben zu reflektieren und zum anderen die Kunst mit einem anderen Blickwinkel auf die Situation zu schauen, erm\u00f6glichen.<\/p>\n<p>Egal ob Sie sich in einer Krise aufgrund einer Erkrankung des K\u00f6rpers oder einer seelischen Belastung befinden, ich schaue und f\u00fchle mit Ihnen genau hin und begleite Sie auf Ihrem Heilungsweg. Blockierungen k\u00f6nnen sich l\u00f6sen, Antworten auf Fragen und neue Perspektiven gefunden werden. Auf Wunsch besuche Ich mit Ihnen ihre Heilpflanze an Ihrem Lieblingsplatz oder Sie bringen ihre Pflanze, ein Symbol oder Bild mit.<br \/>\nDabei setzte ich verschiedenste Heilwissen \u2013 und Rituale ein:<\/p>\n<ul>\n<li>Heilpflanzen oder Lieblingspl\u00e4tze als Spiegel der Seele<\/li>\n<li>Ern\u00e4hrung<\/li>\n<li>Heilende H\u00e4nde<\/li>\n<li>Quantenheilung \/ NLP<\/li>\n<li>Meditation<\/li>\n<li>Traumreisen<\/li>\n<\/ul>\n<p>&nbsp;<\/p>\n<p>Seit meiner Krebserkrankung 1979 waren oder sind f\u00fcr mich verschiedensten Allergien und \u00a0chronischen Erkrankungen meine Lebensbegleiter, die einen achtsamen Umgang und eine besondere Wertsch\u00e4tzung brauchen.<br \/>\nDas gesammelte Wissen aus meinen Lebenserfahrungen mit den Heilerinnen der Natur gebe ich gerne an Sie weiter und unterst\u00fctze Sie auf ihrem Weg durch eine heilsame Zeit.<\/p>\n<p>&nbsp;<\/p>\n","protected":false},"excerpt":{"rendered":"<p>In einer Pflanze oder an einem Lieblingsplatz k\u00f6nnen wir, wie in einem Spiegel, unsere inneren Bed\u00fcrfnisse, die Sprache unserer Seele erkennen. Gerne begleiten ich Sie auf ihrem Weg um die Botschaften unserer nat\u00fcrlichen Lebensbegleiter erleb- und erfahrbar zu machen.\u00a0 Oftmals sind es Krisensituationen, die uns zum einen die Chance unser Leben zu reflektieren und zum &hellip; <a href=\"http:\/\/naturpause.de\/?page_id=72\" class=\"more-link\"><span class=\"screen-reader-text\">Nat\u00fcrliche Lebensberatung mit Heilpflanzen<\/span> weiterlesen <span class=\"meta-nav\">&rarr;<\/span><\/a><\/p>\n","protected":false},"author":1,"featured_media":226,"parent":0,"menu_order":0,"comment_status":"closed","ping_status":"closed","template":"","meta":[],"_links":{"self":[{"href":"http:\/\/naturpause.de\/index.php?rest_route=\/wp\/v2\/pages\/72"}],"collection":[{"href":"http:\/\/naturpause.de\/index.php?rest_route=\/wp\/v2\/pages"}],"about":[{"href":"http:\/\/naturpause.de\/index.php?rest_route=\/wp\/v2\/types\/page"}],"author":[{"embeddable":true,"href":"http:\/\/naturpause.de\/index.php?rest_route=\/wp\/v2\/users\/1"}],"replies":[{"embeddable":true,"href":"http:\/\/naturpause.de\/index.php?rest_route=%2Fwp%2Fv2%2Fcomments&post=72"}],"version-history":[{"count":5,"href":"http:\/\/naturpause.de\/index.php?rest_route=\/wp\/v2\/pages\/72\/revisions"}],"predecessor-version":[{"id":629,"href":"http:\/\/naturpause.de\/index.php?rest_route=\/wp\/v2\/pages\/72\/revisions\/629"}],"wp:featuredmedia":[{"embeddable":true,"href":"http:\/\/naturpause.de\/index.php?rest_route=\/wp\/v2\/media\/226"}],"wp:attachment":[{"href":"http:\/\/naturpause.de\/index.php?rest_route=%2Fwp%2Fv2%2Fmedia&parent=72"}],"curies":[{"name":"wp","href":"https:\/\/api.w.org\/{rel}","templated":true}]}}